11 a factor of 13714118?
True
Is 36 a factor of 563161176?
True
Does 8 divide 133571?
False
Does 11 divide 562716559?
False
Does 150 divide 747334233?
False
Is 9 a factor of 765358021?
False
Is 15805840 a multiple of 9?
False
Is 183 a factor of 191932596?
True
Does 647 divide 31522395?
False
Is 380354293 a multiple of 361?
True
Is 7331673 a multiple of 213?
True
Is 55876118 a multiple of 5?
False
Does 4 divide 4276595?
False
Is 98 a factor of 495314772?
False
Is 34 a factor of 263619680?
True
Does 99 divide 48851634?
False
Is 306456807 a multiple of 3151?
True
Does 74 divide 104040490?
False
Is 45267476 a multiple of 855?
False
Is 135298 a multiple of 464?
False
Is 1703 a factor of 42842454?
False
Does 133 divide 501852358?
True
Does 962 divide 1110708339?
False
Is 115 a factor of 4018374?
False
Does 10 divide 1273261?
False
Does 162 divide 22524291?
False
Is 128813269 a multiple of 788?
False
Is 6 a factor of 8810999?
False
Does 805 divide 143326225?
True
Is 1815 a factor of 399474240?
True
Is 249 a factor of 64160826?
True
Is 64621920 a multiple of 330?
True
Does 14 divide 171714089?
False
Is 131256928 a multiple of 622?
True
Is 63140608 a multiple of 293?
False
Is 76818752 even?
True
Does 3117 divide 5252145?
True
Is 223007182 a multiple of 29?
False
Is 469 a factor of 141614551?
False
Is 9 a factor of 16066449?
True
Does 740 divide 22893298?
False
Does 15 divide 2005098?
False
Is 125 a factor of 4388875?
True
Is 3911259 a multiple of 671?
True
Is 163 a factor of 115255344?
True
Is 8476221 a multiple of 14?
False
Is 69 a factor of 1362655264?
False
Is 62 a factor of 21656042?
True
Is 79 a factor of 20697927?
False
Is 2 a factor of 47273288?
True
Does 485 divide 152678196?
False
Does 314 divide 276416597?
False
Does 1263 divide 1953145214?
False
Is 100 a factor of 2092892?
False
Is 173383724 a multiple of 24?
False
Is 1998610432 a multiple of 416?
True
Is 11 a factor of 422179325?
False
Is 590 a factor of 5035650?
True
Is 607842802 a multiple of 66?
False
Is 222381900 a multiple of 468?
True
Is 19 a factor of 112528678?
True
Is 255582377 a multiple of 1136?
False
Is 760271890 a multiple of 19?
True
Does 5 divide 139768405?
True
Does 247 divide 31215119?
True
Is 40084201 a multiple of 28?
False
Is 10 a factor of 181135763?
False
Does 118 divide 1632176?
True
Is 7742870 a multiple of 310?
True
Does 716 divide 44350472?
True
Is 6549733538 a multiple of 158?
False
Is 797464111 a multiple of 35?
False
Does 178 divide 13257540?
False
Is 136 a factor of 8009431?
False
Is 2056328402 a multiple of 2438?
False
Does 52 divide 155102064?
True
Is 2057880 a multiple of 22?
True
Is 73183859 a multiple of 445?
False
Is 727047492 a multiple of 36?
False
Does 18 divide 9706440?
False
Is 1461093 a multiple of 4?
False
Is 9104749 a multiple of 314?
False
Is 286226261 a multiple of 109?
True
Is 3149752 a multiple of 36?
False
Is 6024 a factor of 320199696?
True
Does 4316 divide 31968612?
True
Is 1769 a factor of 3595385143?
False
Is 875 a factor of 79972556?
False
Is 966758070 a multiple of 30?
True
Is 1112414260 a multiple of 242?
False
Is 817 a factor of 686867068?
False
Does 659 divide 24361253?
True
Is 145369510 a multiple of 116?
False
Does 234 divide 2441369736?
True
Is 102 a factor of 60380196?
False
Is 4097269140 a multiple of 4238?
False
Is 121788769 a multiple of 12?
False
Is 3207 a factor of 336526545?
True
Does 12 divide 13443348?
True
Is 46 a factor of 57574888?
True
Is 115 a factor of 206483755?
False
Is 1040663712 a multiple of 177?
True
Does 45 divide 109517760?
True
Does 2044 divide 866994342?
False
Is 244849912 a multiple of 17?
True
Does 27 divide 6389143?
False
Is 19649336 a multiple of 28?
True
Is 317818477 a multiple of 243?
False
Is 222694602 a multiple of 143?
False
Is 31 a factor of 20092895?
False
Does 120 divide 13166158?
False
Does 3469 divide 123921730?
False
Does 2494 divide 18288502?
True
Is 440571138 a multiple of 1743?
True
Is 8 a factor of 12146199?
False
Is 220 a factor of 91861000?
True
Is 3473075301 a multiple of 5145?
False
Is 11495182 a multiple of 1030?
False
Is 4035 a factor of 1624547490?
True
Is 1409004 a multiple of 205?
False
Does 1375 divide 992081139?
False
Is 2424550387 a multiple of 73?
True
Is 849 a factor of 17219418?
True
Is 312937684 a multiple of 15?
False
Is 20511279 a multiple of 853?
False
Is 88074813 a multiple of 9984?
False
Is 96 a factor of 16577486?
False
Does 406 divide 31940369?
False
Does 27 divide 1348362666?
True
Is 1391 a factor of 15561273?
False
Does 43 divide 4458684?
False
Is 56482561 a multiple of 2050?
False
Is 33667689 a multiple of 29?
False
Is 2289 a factor of 1435859943?
True
Does 7 divide 80768828?
True
Is 15 a factor of 44174205?
True
Is 92 a factor of 27855300?
True
Is 8 a factor of 3040637120?
True
Is 2205592419 a multiple of 11665?
False
Does 6 divide 41958570?
True
Is 910 a factor of 116295098?
False
Is 65 a factor of 1783975?
False
Is 140 a factor of 38530116?
False
Is 15 a factor of 107017965?
True
Is 246301450 a multiple of 338?
False
Is 11 a factor of 3806018944?
False
Is 97365717 a multiple of 2279?
True
Is 224152896 a multiple of 422?
True
Is 66 a factor of 13850438?
False
Does 7 divide 3157864?
False
Is 20 a factor of 135085564?
False
Does 15 divide 984253470?
True
Is 15694826 a multiple of 33?
False
Is 181659626 a multiple of 21?
False
Does 874 divide 236818060?
False
Is 14 a factor of 78311993?
False
Is 60968850 a multiple of 317?
False
Is 69 a factor of 658965594?
True
Is 41945909 a multiple of 1440?
False
Is 17087285 a multiple of 295?
True
Is 31916640 a multiple of 160?
True
Is 31 a factor of 3933121?
False
Is 412587756 a multiple of 1566?
True
Is 2901697 a multiple of 6?
False
Does 1890 divide 308276265?
False
Is 5833638 a multiple of 18?
True
Does 37 divide 247177436?
False
Is 77 a factor of 3796793?
True
Is 1548461261 a multiple of 43?
True
Does 544 divide 16001712?
False
Does 48 divide 9867125?
False
Is 787 a factor of 38135659?
True
Does 26 divide 1297081292?
True
Is 109647115 a multiple of 145?
True
Does 157 divide 14925362?
True
Is 24 a factor of 151803556?
False
Is 160 a factor of 20005483?
False
Does 182 divide 47130174?
True
Is 52 a factor of 77994280?
True
Is 115469320 a multiple of 8?
True
Does 571 divide 787663208?
False
Is 11 a factor of 10696081?
True
Does 475 divide 1097992425?
True
Does 2862 divide 1613811055?
False
Is 1560558 a multiple of 2614?
True
Is 691413360 a multiple of 26?
False
Does 330 divide 113045460?
True
Is 106 a factor of 367557438?
True
Is 212813017 a multiple of 13?
False
Is 232268477 a multiple of 7?
True
Is 9042080 a multiple of 10?
True
Is 48 a factor of 20149728?
True
Is 134238916 a multiple of 7?
True
Does 446 divide 11055002?
True
Is 2415 a factor of 424148761?
False
Is 1832 a factor of 116407112?
True
Is 168846994 a multiple of 11?
False
Does 1012 divide 311915604?
True
Does 827 divide 35894644?
False
Does 11832 divide 1749127202?
False
Is 2278068 a multiple of 47?
False
Is 40498277 a multiple of 120?
False
Is 339 a factor of 10984536?
False
Is 92 a factor of 1499118380?
True
Is 19 a factor of 15524421?
False
Is 1213173810 a multiple of 2761?
False
Is 203 a factor of 3620951?
False
Is 26295968 a multiple of 8?
True
Is 554 a factor of 39572220?
True
Does 2606 divide 85591464?
True
Is 5 a factor of 49300225?
True
Is 216296684 a multiple of 601?
False
Is 267 a factor of 102589674?
False
Is 125504302 a multiple of 83?
False
Does 15 divide 1464900?
True
Is 13 a factor of 39999614?
False
Does 52 divide 33057232?
True
Is 53163596 a multiple of 38?
True
Is 118 a factor of 317927164?
True
Does 12 divide 3272505?
False
Is 55 a factor of 20758705?
True
Does 8587 divide 3122797387?
False
Is 1959 a factor of 214718154?
True
Is 471 a factor of 6393570732?
False
Is 7270764041 a multiple of 1406?
False
Is 177051194 even?
True
Is 633305477 a multiple of 61?
True
Is 128066023 a multiple of 740?
False
Is 52427138 a multiple of 31?
True
Does 84 divide 37250880?
False
Is 252 a factor of 105472584?
True
Is 79 a factor of 11569866?
True
Is 228 a factor of 170577060?
True
Does 34 divide 648210?
True
Is 9346122 a multiple of 20?
False
Is 133 a factor of 37860711?
True
Is 168 a factor of 20607696?
False
Is 133831762 a multiple of 4274?
True
Is 171